- 14 = 0, 0*q = -5*q - 2*c + 6. Suppose 6*j - 4*j = q*m + 34, j - 2*m - 22 = 0. What is the tens digit of j?
1
Let w = -29 + 24. Let l(d) = 3*d**2 + 8*d + 4. Let o(z) = z**3 - 5*z**2 - 17*z - 8. Let r(a) = w*l(a) - 2*o(a). What is the units digit of r(-4)?
8
Let u be 153/(-5) - (-6)/(-15). Let y = -14 - u. What is the tens digit of y?
1
Let p(i) = -i**2 + 26*i + 64. What is the tens digit of p(25)?
8
Suppose -5*f = 3*h - 66, 2*f = -h - 2*f + 22. What is the tens digit of h*(-4 - (2 + -7))?
2
Suppose 520 = 30*n - 28*n. What is the hundreds digit of n?
2
What is the units digit of -4*(-12)/(480/17230)?
3
Suppose -13*v + 13926 = -36943. What is the hundreds digit of v?
9
What is the units digit of (-2)/((-60)/18) - 77688/(-20)?
5
Let z be (-3 + 1)*(-43)/2. Suppose 4*y = -z - 41. What is the tens digit of y/28 - 206/(-8)?
2
Let y(v) = -18*v + 60. What is the tens digit of y(-5)?
5
Suppose 18*a = -1262 + 29774. What is the tens digit of a?
8
Let y(c) = c**3 - 4*c**2 + c - 14. What is the hundreds digit of y(9)?
4
Let x(g) = 107*g**2 - 2*g - 1. Let d be x(-1). Suppose d = 2*r - 22. What is the units digit of r?
5
Let r(d) = d**3 - 3*d**2 + 8*d**2 + 5*d**2. What is the tens digit of r(-9)?
8
Let q(h) = -2*h**3 - 11*h**2 - 4*h - 13. What is the hundreds digit of q(-8)?
3
Suppose 854 = -5*x + 6*x. What is the units digit of x?
4
Let g(l) be the second derivative of l**4/12 + 5*l**3/6 - 15*l**2/2 + 7*l. What is the tens digit of g(8)?
8
Let l = 14 - 12. Let y(g) = -3*g + g - l - 7 + 10*g. What is the tens digit of y(5)?
3
Let l(n) = -7*n + 68. Let v be l(9). Suppose -h = -v*t + 35 + 67, t - 2*h - 24 = 0. What is the units digit of t?
0
What is the hundreds digit of (4 - -261)/((-7)/(-21))?
7
Let d = 220 + -109. What is the tens digit of d?
1
Let j(y) = -y**3 - 44*y**2 - 106*y - 92. What is the hundreds digit of j(-42)?
8
Let c(y) = 21*y. Let v be c(3). Let k = v + -29. What is the tens digit of k?
3
What is the units digit of (-224)/784 - (-24110)/7?
4
Suppose 0 = -j + 1 + 1, -3*o - 91 = 4*j. What is the tens digit of 11/o*(-1 - 134)?
4
What is the hundreds digit of (-4 - (-25)/7) + 7829/7?
1
Suppose 0 = -4*i + q - 296 + 11100, -2*i + 5412 = 2*q. What is the tens digit of i?
0
Let q = 0 + 52. What is the tens digit of q?
5
Suppose 5*d = 5*n, 21 = 3*n + 3*d - 9. Suppose -4*j + 154 = n*y, -2*j + 5*y = y - 64. Suppose -5*v = b - j, 3*b - v - 70 = 3*v. What is the tens digit of b?
2
Let g be -1 + -1 + (5 - -1)*3. What is the tens digit of 3/(-4) + 0 + 540/g?
3
Let r(f) = 2*f**2 + 18*f + 15. What is the hundreds digit of r(9)?
3
Let p(v) = 60*v - 95. What is the tens digit of p(10)?
0
What is the tens digit of (-1379)/(-21)*(-2 - -5)?
9
Let c be -440 + 5 + -2 + 3*1. Let n = -284 - c. What is the hundreds digit of n?
1
What is the hundreds digit of (1 - -1)/((-1)/(-196))?
3
Let m(j) = j**3 + 16*j**2 + j + 18. Let n be m(-16). Suppose 2 = n*b - 6. Suppose 0 = x - b*l - 17, 5*x - l + 39 - 219 = 0. What is the units digit of x?
7
Let v(l) = 8*l**2 + 8*l - 9. Let g(w) = 7*w**2 + 7*w - 9. Let b(c) = -6*g(c) + 5*v(c). Let m be b(-7). Let o = m - -108. What is the units digit of o?
3
Let g(q) = -q**2 - q - 8. Let m be g(0). Let c be (-2 - 0)*12/m. Let p = c + -2. What is the units digit of p?
1
Let p = 46 - 43. Suppose p*f + 48 = 4*t - 41, 5*t - 110 = 4*f. What is the units digit of t?
6
Suppose -4*m + 3317 = -g, 0 = m - 0*g + 3*g - 826. What is the hundreds digit of m?
8
Let t(k) = 4*k - 2*k**2 - 3*k + k**2 + 23*k - 40. What is the tens digit of t(17)?
7
Let w = 89 + -87. Let l(h) = -5*h + 5. Let o be l(-4). Suppose c = -w + o. What is the tens digit of c?
2
Let n be (-9)/(-6)*16/3. Let g be (n - 18)/((-4)/2). Suppose 5*k = 20, g*x + 0*k - 3*k + 2 = 0. What is the units digit of x?
2
Let o be 1 - (-5)/(5/(-4)). Let r be o*8*(-3)/9. What is the units digit of (3 - r/2)*-17?
7
What is the tens digit of (-4074)/(-9) + 8/(-12)?
5
Let g(r) = -r**3 - 15*r**2 - 11*r - 13. Let o be g(-14). Let h be 253/o + 6/10. What is the tens digit of (-2)/(-1) + 34 + h?
3
Let z = -8 - -11. Suppose -4*y + 13 = z*r - 240, -2*y = 2*r - 126. What is the units digit of y?
4
What is the hundreds digit of 513 - (-3)/(-3) - -5?
5
Let y(t) = -46*t - 58. What is the units digit of y(-12)?
4
Suppose 2*k = 4*k - 5*a - 1265, -3*k + 3*a + 1920 = 0. What is the tens digit of k?
4
Suppose -3*j - 5*d + 195 = -1831, -2707 = -4*j - d. What is the units digit of j?
7
What is the hundreds digit of (0 + -1)/(21400/(-1646) - -13)?
8
Let z(w) = -11*w + 12. Let x = 36 - 42. What is the units digit of z(x)?
8
Suppose 5*w - 147 = 213. Suppose -w = -3*i + 171. What is the units digit of i?
1
Let v = -2 + 1. Let j be v*(5 + -3 + -6). Suppose -260 = -4*x + 3*z, 3*x - 112 - 83 = j*z. What is the units digit of x?
5
Let u(a) be the first derivative of -a**3/3 + 3*a**2/2 + 2*a + 1. Let y be u(2). Suppose 5*s + 0*v = y*v + 70, 2*s - 45 = 5*v. What is the tens digit of s?
1
What is the tens digit of (113280/(-448))/((-6)/28)?
8
Suppose -5 = -w + 15. Let z = w - 9. What is the tens digit of z?
1
Let d(y) = 2*y**2 - 30*y - 12. Let s be d(16). What is the units digit of (2 - (-36)/10)*s?
2
Let k be ((-4)/(-3) + 0)*-6. Let q(p) = p**2 - p - 13. What is the tens digit of q(k)?
5
Suppose -2*p + 3*x + 2584 = 0, -5*p - 2*x + 5168 = -p. What is the tens digit of p?
9
Let p(j) = -3*j**2 + j + 1. Let u be p(2). Let l = -5 - u. Suppose -c = 3*c + 16, 0 = -l*a - 5*c + 68. What is the units digit of a?
2
Suppose 1 = 2*t - t - 3*o, t - 4*o - 2 = 0. Let b be (-5)/((-15)/6) + t. Let y = b + 15. What is the tens digit of y?
1
Let x(f) = f**2 - f + 37. Let l be x(0). Suppose 0 = 2*w - 71 - l. What is the units digit of w?
4
Let m(c) = -c + 6. Let k be m(5). Suppose -k = -l - x, -x - 9 = -2*l - 2*l. Suppose l*b - 8 - 10 = 0. What is the units digit of b?
9
Let q(w) = w**2 - 9*w + 11. Let r be q(10). Let b(x) = x**2 - 19*x - 7. What is the tens digit of b(r)?
3
Let a(i) = -8*i**2 - 4*i + 6. Let r be a(2). Let o = r - -42. What is the units digit of o?
8
Suppose -41*p + 47*p = 2838. What is the hundreds digit of p?
4
Let n be (-12)/18*(1 - -35). Let z = n - -58. What is the units digit of z?
4
Let p(r) = -424*r + 295. What is the units digit of p(-9)?
1
Let g(l) = 3*l**2 + 56*l + 15. What is the tens digit of g(-26)?
8
Let u(r) = 10*r**2 + 9*r - 3. Suppose 9*d + 31 + 5 = 0. What is the tens digit of u(d)?
2
Let f be 34/(10/6 - 1). Let z = f + -23. Suppose -2*w - z = -4*w + 3*c, -4*w = c - 28. What is the units digit of w?
8
Let d = 243 + -113. What is the units digit of d?
0
Let g(r) = r**3 - r**2 - 5*r. Let l be g(3). Suppose 3*s + l*o = 189, -33 = -3*s + 5*o + 124. What is the units digit of s?
9
Suppose 5*s = -12*n + 7*n + 2745, -2*n - s = -1098. What is the units digit of n?
9
Let n(x) = -x**3 + 19*x**2 + 21*x - 19. Let p be n(20). What is the units digit of 43/2 + 2 - p/2?
3
Let m be (-1)/((-13 - -14)*1/(-1)). What is the units digit of 44 - 1 - (1 + m)?
1
Let n(j) be the first derivative of 40*j**3 + 3*j**2 + 5*j + 22. What is the hundreds digit of n(-1)?
1
Let c(y) = 34*y - 14. What is the tens digit of c(6)?
9
Suppose 4*o - 558 + 118 = 4*q, 2*q - o + 223 = 0. Let k = 197 + q. What is the tens digit of k?
8
Let y(t) = t. Let d(x) = 4*x - 17. Let i(h) = d(h) - 5*y(h). Let f be i(0). Let m = 28 + f. What is the units digit of m?
1
Suppose -u + 2 = 4*t + 1, 5*t = 2*u - 15. Suppose 5*z - 129 = -2*h, -u*h - 2*z + 4*z = -337. What is the tens digit of h?
6
Let h(t) = t**3 - 5*t**2 + 7*t - 6. Let x be h(4). Let g(j) = -j**2 + 8*j + 5. Let v be g(x). Let a = 31 - v. What is the units digit of a?
4
Suppose -1 + 14 = 5*g - 2*w, g - 2*w - 1 = 0. Let o(x) = x - 1. Let l(d) = -7*d. Let h(z) = -l(z) - 5*o(z). What is the units digit of h(g)?
1
Let z be 0 - 2 - (-12)/2. Let t = 70 + z. What is the units digit of t?
4
Suppose 3*h - 3 = -a, -5*a + 4*a - 1 = h. Let b(w) = w**2 - 3*w - 2. What is the tens digit of b(a)?
1
Suppose -1940 = 4*y - 8*y. What is the tens digit of y?
8
Let q(w) = -w**3 + 6*w**2 + 8*w - 7. Let g be q(7). Let l be 0/(-1*(1 + g)). Suppose -5*v + 4*m + 100 = l, 3*v - 2*m - 60 = -0*v. What is the tens digit of v?
2
Let u(q) = -q**2 + 102*q + 5695. What is the units digit of u(0)?
5
Suppose -5*j - 15461 = -5*m + 379, -5*j = -4*